v*x. Is x composite?
True
Let v(h) = 167*h**2 - 15*h - 9. Let c be v(8). Suppose 65*i - 66*i = -c. Is i composite?
False
Let n be 98565/18 - 2 - 13/(-78). Suppose 0 = 3*z + v - n, 3*z - 5*v = 4799 + 645. Is z a composite number?
False
Let z(m) = -m**3 + 20*m**2 - 20*m + 18. Let w be z(19). Is (((-1761)/(-6))/w)/((-12)/24) a prime number?
True
Let x(b) = -194*b**2 + 3*b - 2. Let n be x(2). Let f(q) = -q**2 - 113*q + 319. Let k be f(-93). Let y = k - n. Is y a composite number?
True
Let o(z) = 48*z**2 + 6*z + 137. Is o(-25) composite?
True
Suppose -2*y + 4*v = v - 7, 2*v = 2. Let c be -4 + y/10*2. Is 4 + c + 7/(21/990) a composite number?
False
Suppose 1843698 + 3391294 = 46*c - 2748262. Is c a composite number?
False
Let d = 19 - 19. Suppose -4*q = -d*q. Suppose 4*j + 5*k - 661 = q, 3*j + k - 461 - 21 = 0. Is j composite?
True
Let b = 544 - 979. Is (b/6)/5*-106 composite?
True
Suppose 2*n - 55626 = -4*v + 138888, 4*v + 486355 = 5*n. Is n a prime number?
False
Let v be (-1)/(-2) + (-59763)/(-22). Let k = v - 1368. Is k a composite number?
True
Let p = -600 + 593. Let g(u) = 241*u**2 + 37*u + 301. Is g(p) a prime number?
False
Let m be ((-985)/3)/(2/6). Let z = 2367 + m. Is (((-9)/6)/1 - -2)*z a composite number?
False
Suppose -4*u = 4, 3*u - 1414839 = -4*r + 1149706. Is r a prime number?
False
Let i be 1*(-3)/(6/806). Suppose 0 = -44*o + 35701 + 12963. Let v = i + o. Is v composite?
True
Suppose -12*j + 8*j + 16 = 0. Let c be (-2)/j - 2/4. Is (-4 + -1111 - 0)*c a composite number?
True
Suppose 0 = -575*c + 487*c + 21868264. Is c a composite number?
True
Suppose 5*z = -3*y - 23073, 5*y + 5*z + 22894 = -15571. Let s = y - -13490. Is s a prime number?
False
Let g be 2/7 + 655*29024/560. Suppose -13*n = -95503 + g. Is n a composite number?
True
Suppose 5*v + 2926 = 4*b, -2*v = -4*b - 5*v + 2942. Let y be 4/12 + (-734)/(-3). Let q = b - y. Is q prime?
False
Let g(z) = 2*z**2 + 72*z - 76. Let p be g(-37). Is (0 - 6) + ((-9844)/p - 9) a prime number?
False
Suppose 3*t - 2*t - 2*n = 506, 4*t - n = 2038. Is -4 - (5 - t/3) composite?
True
Suppose 9 = q + 4*v, -3*v = -0*q + 3*q + 18. Let p(o) = 2*o + 125. Is p(q) prime?
True
Let y(g) = -32 + 3*g + 4 - 14*g + 6*g. Let n be y(-4). Is (12/n)/((-3)/4442) a composite number?
False
Let u be (-2)/((-4)/786 + 0). Let m(j) = -240*j - 1675. Let l be m(-7). Suppose l*b - 1928 + u = 0. Is b a prime number?
True
Suppose 0*h + 3*h + 12 = 0, -222199 = -5*u + h. Is u a prime number?
False
Let w = -25988 + 65843. Let s = w - 21086. Is s a composite number?
True
Suppose 19*x - 304248160 = -141*x. Is x a composite number?
False
Let n(w) = 471*w + 8. Let a be n(-2). Let r be (1 + a)*(-3 - 14/(-6)). Suppose 1610 = 4*l + r. Is l a prime number?
False
Suppose -102 = -24*l + 114. Suppose -111712 = -23*x - l*x. Is x composite?
False
Let t be 13518 - (-25)/(-5) - -2. Suppose 20*c - t = 5*c. Is c a prime number?
False
Suppose 10*u = -2*u + 7848. Suppose 2*h - 966 = 3*s + u, 3*h + 4*s - 2396 = 0. Suppose 5*b = h + 4441. Is b prime?
True
Suppose 4*f - 18 + 6 = 0. Suppose 31 = 3*i - i + 5*o, -f*o - 23 = -4*i. Is ((-3)/(-9))/(i/7152) prime?
False
Suppose -3*g - 26*d = -22*d - 242851, 4*d + 8 = 0. Is g composite?
False
Let k(q) = 404*q**2 + 47*q - 8. Is k(5) a composite number?
True
Let g(s) = 4*s**2 + 132*s**2 - 21*s + 3*s + 0*s**2 + 51. Is g(-13) composite?
False
Suppose 4*g = 4*j + 32, -g + 1 = 2*j - 1. Suppose -2 = -g*n + 22. Suppose 5*b = 9 + 1, 0 = -n*z - 3*b + 18. Is z a prime number?
True
Let m(o) = -48 - 68 - 302*o + 918*o + 11. Is m(19) a composite number?
True
Let g(a) = 4*a + 14. Let m be g(-3). Let o be m/(-4)*(-3 - 55/(-5)). Is (7592/(-4))/(2 + o) prime?
False
Suppose -12*v = -44*v + 740096. Suppose v = 6*o - 93374. Is o prime?
True
Let y = 17 - -163. Is (4/3)/(y/314955) composite?
False
Suppose w = -3*s + 821940, 208 - 214 = -2*w. Is s prime?
True
Let l(p) = p**2 - 9*p + 15. Let f(h) = -5*h - 7. Let t be f(-3). Let k be l(t). Suppose -k*u - 1324 = -11*u. Is u composite?
False
Suppose x + 77 = 3*m, -2*x = m - 5*m + 106. Is m/(-56) - (39472/(-14))/1 composite?
False
Let h = -82 + 44. Let y be h/5 + (32/20 - 2). Let j(p) = 15*p**2 - 10*p - 1. Is j(y) prime?
True
Suppose -3*k + 20*q - 779 = 15*q, -k - 257 = -q. Is 2/(-23) + (-4489001)/k a prime number?
False
Let t(y) = 8*y**2 + 56*y + 74. Let v be t(-27). Let o = v + 1503. Is o a prime number?
True
Let m be (-180)/(-33) - 60/(-110). Suppose -m*z + 255444 = 6*z. Is z composite?
True
Let v be (2 - 0 - 2)*(-2)/4. Suppose -y = 4*b + 2*y - 20278, v = 4*b + 4*y - 20276. Is b a composite number?
True
Suppose 1332 = -3*t - 1065. Let j = t + 1212. Is j composite?
True
Let y(g) = 8*g - 29. Let c be y(4). Suppose 2*u + 3*h = 16, -u + h = -0*u - c. Suppose -3230 = -4*x + 3*k, 4*x + 5*k = u*x - 799. Is x composite?
False
Let v(x) = 156*x - 118233. Let r(n) = -80*n + 59117. Let d(c) = -7*r(c) - 4*v(c). Is d(0) a prime number?
True
Let g = -72881 + 157990. Is g prime?
True
Let c be (-2)/(-1)*-5*(3 - 4). Suppose -c*k + 5*k = 50. Is (-620)/(-8)*(-8)/k a composite number?
True
Suppose -1281 = c - 2*c + 4*n, -5*c + 5*n + 6465 = 0. Let p = -236 + c. Is p prime?
True
Let h(g) = 4*g - 7*g + 120*g**2 + 73 + 16*g - 56. Is h(6) a composite number?
True
Let b(c) = -2338*c - 879. Is b(-61) a prime number?
False
Suppose -11*u + 199 = -153. Suppose 0 = 10*f - 18*f + u. Suppose 4*k = 3*w - 891, 4*k + 305 = 5*w - f*w. Is w a composite number?
False
Let c(l) be the second derivative of 23*l**6/144 + 9*l**5/40 - 9*l**4/4 - 40*l. Let m(t) be the third derivative of c(t). Is m(4) prime?
True
Let k be 1*(-2 - 4 - -8). Is (k + -4 - 1) + -98 + 1822 prime?
True
Let o(q) = q**3 - 16*q**2 + 40*q - 6. Let k be o(13). Suppose -15423 + 72984 = k*w. Is w a composite number?
True
Let i = 603208 - 342341. Is i prime?
False
Let b(o) = -1661*o - 14. Suppose 0 = w + 2*g + 13, 5*w = w - 5*g - 37. Is b(w) a composite number?
False
Suppose c - 2305 = 1470. Suppose 0 = -r - 4*r - c. Is -2 - 3/(15/r) a prime number?
True
Suppose 3*k - 16 = 5*g, 26*g - 27*g = 5*k - 8. Is 0*g/(-12) + 1620 + -1 a prime number?
True
Let p be (7/(49/1393))/(3/(-60)). Let d = p + 13513. Is d composite?
False
Is (-72)/168 + 1786290/21 a composite number?
False
Let f(v) = -729*v**3 - 495*v**2 + 36*v + 13. Is f(-10) a prime number?
True
Suppose 4*p - 2*y = -y + 44, 5*p - 42 = -2*y. Let w(n) be the second derivative of n**4 - 19*n**3/6 - 19*n**2/2 + 1387*n. Is w(p) prime?
True
Suppose 3082 = 7*f - 21*f + 3315944. Is f a prime number?
False
Let l(j) = 591*j - 1646. Is l(27) a composite number?
True
Suppose 0 = -7*l - 5*l - 660. Let n = -59 - l. Let i(o) = -5*o**3 + 2*o**2 + 5*o - 3. Is i(n) prime?
False
Let k(p) = 12*p + 10. Let t be k(0). Is ((-4)/t)/((-2)/5615) a prime number?
True
Is 440/264*429993/15 a composite number?
False
Let v = -17752 + 33611. Is v a composite number?
False
Let f = 37339 + 50652. Is f composite?
False
Suppose 2*p = 4*p + j - 4, 0 = 4*j - 16. Suppose 3*g - 58798 - 7079 = p. Is g prime?
False
Let h be (1/2)/(1/8). Suppose 4*g + h*v = 16, -6 = 2*g + 3*v - 8*v. Suppose -g*i + 1221 = -773. Is i a composite number?
False
Let f(u) = 89387*u - 629. Is f(6) a composite number?
True
Let s(r) be the third derivative of 257/24*r**4 + 0 + 0*r + 5/3*r**3 + 17*r**2. Is s(3) a composite number?
True
Let n(y) = -y**3 + 8*y**2 + 18*y + 25. Let i be n(10). Suppose 33103 - 89110 = -3*v + 2*x, i*v - 93349 = 2*x. Is v composite?
False
Let o = 89 - 92. Let x be 1 + 0 - (o - -1). Is 4*(-1686)/(-16)*4/x a composite number?
True
Let y = 54 + -40. Is 109106/10 - (1 + y/(-10)) a prime number?
False
Let g = -577 - -587. Let n(f) = -f**3 - 7*f**2 - 6*f - 8. Let h be n(-6). Is h/8 - g*-27 a prime number?
True
Let y = -51574 + 184835. Is y prime?
True
Suppose 0 = -2*d + d + 39. Suppose -2*l + 406 = 2*y, -5 = -0*l - 5*l. Let i = y - d. Is i a prime number?
True
Let u(x) = -45531*x + 5912. Is u(-13) composite?
True
Let q(z) = -2*z - 3. Let u be q(-9). Let b be (-4 - -1)*(-85)/u. Suppose b*v - 9*v = 1744. Is v prime?
False
Suppose -5*j + n + 133 = 0, -4*j + 31 = 4*n - 85. Let w(p) = -p**2 + 38*p - 30. Is w(j) a prime number?
False
Let m = 106027 + -71940. Is m prime?
False
Suppose -16*x - 4 = f - 13*x, -3*f + 10 = -2*x. Is 130042/8 - f/8 a composite number?
Tru